alculate the greatest common factor of 48 and z.
16
Let l = 3336 + -3168. Calculate the greatest common divisor of l and 472.
8
Let p(b) = b**3 + 2*b**2 - 5*b - 4. Let k be p(-3). Let a be (3 + -58)*(-6)/15. Let j be (a - k)/(1/3). What is the highest common factor of j and 12?
12
Suppose -4*q - 351 + 2183 = -4*x, -3*q + 1356 = 3*x. Calculate the greatest common factor of q and 26.
13
Let d(t) = -20*t + 5. Let o be d(-5). Suppose 0 = -2*q - 5*q - o. Let j be 6/q*45/(-3). What is the highest common factor of j and 30?
6
Suppose 8*k = -93 + 669. Let n = 86 - k. Suppose 9*q - 2*q = n. Calculate the greatest common divisor of q and 1.
1
Suppose -47*t + 96*t - 52*t = -198. What is the greatest common factor of t and 15114?
66
Let k(l) = -l**2 + 3*l + 13. Let o be k(11). Suppose 3*h - 265 - 26 = 0. Let a = h + o. Calculate the greatest common factor of 22 and a.
22
Let s = 9675 - 9651. Suppose 2*g - 456 = -2*w, -3*g + w + 1140 = 2*g. What is the highest common factor of s and g?
12
Suppose 70*i = -107*i + 17*i + 61920. Suppose 0 = -4*g + g + 27. What is the highest common divisor of i and g?
9
Let s be -17 + (-1760)/(-33) + (-2)/6. Calculate the greatest common divisor of s and 1746.
18
Suppose 10*j = -7289 + 8669. Calculate the highest common factor of j and 6164.
46
Let y be 24/60 - (7/(105/(-369)) + 5). Calculate the highest common divisor of 270 and y.
10
Let u be ((-351)/12)/((-81)/72). What is the greatest common divisor of 949 and u?
13
Let u be (-1092)/(-54) - 2/9. Let g be ((-1)/2)/((-2)/u) + 48. Calculate the highest common factor of g and 1.
1
Let i = 15 - 10. Suppose 0 = -2*x - 3*x + i*v + 195, 2*x - 84 = -4*v. Suppose y + 4*d = x, d = 2*d - 1. Calculate the highest common factor of y and 180.
36
Let t = 1357 - 1266. What is the highest common divisor of 273 and t?
91
Suppose 56*t + 8 = 60*t. Suppose -4*v + 2*v - 4 = 0. Let f be 13/2 - v/(-4). What is the greatest common divisor of f and t?
2
Suppose 20*b = 22*b - 39*b + 39368. What is the highest common divisor of 140 and b?
28
Suppose 2*v + 5*f - 230 = 0, -4*v = -2*f - 295 - 141. Suppose 6 = s - 4*n, 5*n + 1 + 14 = 0. Let a = 16 + s. What is the highest common factor of a and v?
10
Let o(w) = 3 - 23 + w**2 - 14 - 21*w + 7*w. Let f be o(15). Let k = -12 - f. What is the greatest common factor of 42 and k?
7
Let w(r) = r + 10. Let a be w(-4). Let i be ((-1 - 10)/11)/((-2)/12). Calculate the greatest common factor of i and a.
6
Suppose 18*w = 21*w - 1743. Let a = 842 - w. Calculate the greatest common divisor of a and 58.
29
Suppose -2*l = 3*o - 4, 0 = -4*l - 5*o + 12 - 4. Suppose l*b + 108 = 4*b - 2*x, 0 = b + x - 46. What is the highest common divisor of b and 200?
50
Let j = 526 - 895. Let q = j + 376. Calculate the greatest common divisor of 182 and q.
7
Let g(z) = -z**3 - 14*z**2 - 44*z - 10. Let m be g(-10). Calculate the highest common divisor of 366 and m.
6
Suppose -5*p + 5*m = 0, 0 = 7*p - 5*p - 3*m + 2. Let b = -6 - -22. Let s = p + b. Calculate the highest common divisor of s and 6.
6
Let y be (0 + 2 - 1)*18. Suppose -y*m + 21*m + 6 = 0. Let v(c) = -2*c**3 - c**2 + 3*c + 2. Let a be v(m). Calculate the greatest common divisor of 8 and a.
8
Suppose -13*t = -0*t - 232 - 184. Calculate the greatest common divisor of 404 and t.
4
Let m(v) = 45*v + 917. Let u be m(-20). Calculate the greatest common factor of u and 38658.
17
Let v(q) = -15*q - 12. Let s be v(-10). Suppose 0 = 325*y + 9004 - 16734 - 14695. Calculate the highest common factor of s and y.
69
Let y(a) = -93*a**2 - 5*a + a**3 + 50*a**2 + 9*a - 14 + 52*a**2. Let c be y(-7). What is the highest common factor of 28 and c?
28
Let w be (0 + 9)/((-2)/(-2)). Suppose 2633*z - 221166 = -7893. Calculate the highest common factor of w and z.
9
Let b be (-726)/7*(-322)/92. What is the greatest common divisor of 66 and b?
33
Suppose 70 = -4*h - 3*h. Let x be 12/(-60) - (864/h)/(-3). Let c = 53 + x. Calculate the highest common divisor of c and 6.
6
Let v(y) = -2*y**2 - 135*y + 1003. Let a be v(-71). What is the highest common factor of a and 989?
23
Let y be (-3 + -4)*(-5)/5. Suppose -3*o + y + 29 = 4*h, 2*o - 17 = -5*h. What is the greatest common factor of 32 and o?
16
Let g(b) = 84*b**2 + 4*b + 6. Let y be g(-3). Suppose 27*i + 2*u + 200 = 31*i, 5*u = 0. What is the greatest common factor of y and i?
50
Let t be 70/175 + (-696)/(-10). Let u be -3 + t + (-7 - -10). What is the highest common divisor of u and 50?
10
Let f(y) = y**3 + 4*y**2 + 63*y - 169. Let b be f(3). What is the greatest common divisor of 1411 and b?
83
Let c = -13 - -19. Let o(a) = -15*a**2 + 4*a - 2. Let z be o(3). Let x be 2100/z*(-20)/c. Calculate the highest common factor of x and 8.
8
Let j = 604 + -586. Suppose 7*k + j = 81. Calculate the highest common factor of 9 and k.
9
Let d = 3504 - 3328. Calculate the greatest common divisor of d and 2552.
88
Let j be (-10)/(-12) - (-2260)/(-120). Let r(i) = i**2 + 17*i + 2. Let b be r(j). Calculate the greatest common factor of 460 and b.
20
Suppose t + 215 = 3*v, 26*t - 24*t = -10. Let n = v - 36. Let r = -80 - -216. Calculate the greatest common factor of r and n.
34
Let u be -15 - ((-3)/(-3) + -1). Let w = u + 29. What is the greatest common divisor of 7 and w?
7
Let b(x) = 11*x**2 - 1042*x + 149. Let d be b(97). What is the highest common factor of d and 165?
33
Suppose 3*w - 240 = 3*d - 45, 352 = 5*w + 4*d. Calculate the highest common factor of 5 and w.
1
Let p(y) = -2*y**3 + 179*y**2 - 716*y - 7. Let k be p(85). Calculate the highest common divisor of k and 154.
154
Let d(v) = v**2 - 16*v - 153. Let y be d(-8). Suppose -9 = 3*j, -2*j = -4*o + j + 581. What is the greatest common factor of o and y?
13
Let r = -2684 - -2814. Calculate the greatest common factor of 1742 and r.
26
Let n be -205 + 198 + 1*205. Calculate the greatest common divisor of 110 and n.
22
Suppose 720*o - 698*o = 10164. Calculate the highest common divisor of o and 55.
11
Suppose 0 = -3*h + 3*i - i - 166, 3*h + 172 = -4*i. Let b = h - -463. Calculate the highest common divisor of 11 and b.
11
Suppose -3*m = 9 - 60. Suppose -943 = -3*l - 4*v, -3*l + 4*v - 4281 = -5072. What is the greatest common factor of l and m?
17
Let r be 5 + (1/(-3))/((-31)/372). Suppose -3*i = -r*i + 600. What is the greatest common divisor of i and 60?
20
Suppose -14 = 3*n - 41. Suppose -n*p + 15*p = 216. Let g(r) = 5*r**2 - 31*r + 12. Let d be g(8). Calculate the highest common divisor of p and d.
12
Let w = -10575 - -11202. Calculate the highest common divisor of w and 1653.
57
Suppose 2*l = -0*l + 44. Suppose -28 = -2*i + 4*y, 0*y + 33 = 3*i - 3*y. Let s = 63 - i. Calculate the highest common divisor of l and s.
11
Suppose -2*o - 37 = -5*i, 4 + 10 = -o + i. Let t = o - -6. Let z = t + 29. Calculate the greatest common factor of z and 24.
24
Suppose -10*m = -6*m - 24. Let j be (-3)/(-1)*(7 - 6). Let s(k) = 2*k**2 + 4*k - 6. Let h be s(j). What is the greatest common factor of m and h?
6
Suppose 2 = -2*y - 13*p, 5*p - 9*p = 16. Let i = -17 - -20. What is the greatest common divisor of i and y?
1
Let i = 0 - -8. Suppose -12 = 6*d - 9*d. Suppose 3*f = 2*k - 0*f + 8, -2*k = -2*f + d. Calculate the greatest common factor of k and i.
2
Let p be (18/12)/((-7)/42). Let h be (p/27)/(4/(-48)). What is the highest common divisor of h and 64?
4
Suppose d + 8*v - 3*v - 161 = 0, 0 = -5*d - 3*v + 849. What is the greatest common factor of d and 54?
9
Let z be (-18)/6*(-9 + 10). Let n be 703 + (-18 + 18 - z/(-1)). Calculate the highest common divisor of 200 and n.
100
Suppose -2*h + 242 = 2*k, 3*k - 352 = -5*h + 255. What is the highest common divisor of h and 5?
1
Suppose -43*p - 20*u = -41*p - 1802, -3*u - 2505 = -3*p. What is the highest common divisor of p and 1?
1
Suppose h = -4*u + 2*h - 359, -h = 2*u + 187. Let r be (-26)/u + 1779/21. Calculate the highest common divisor of r and 17.
17
Let u = -183 - -185. Suppose i - 2*o - 46 = 0, i = 2*i + u*o - 42. What is the greatest common divisor of i and 33?
11
Suppose -2*y + 41 = 9. Suppose -y*d = -24*d + 112. Calculate the greatest common divisor of 35 and d.
7
Let x be (-42)/252 - (-7)/6. Let f be 11/5 + 5/(-25). Suppose -f*b + 3 = 3*c - b, 8 = c - 2*b. What is the greatest common divisor of c and x?
1
Suppose -3*y + 17 =